 - 5. Suppose 55 = -y*w - 0*w. Let i = 29 + w. Calculate the highest common factor of i and 2.
2
Let b(w) = 4*w**2 + w. Let t be b(1). Let z be -3 - (-3 + t + -89). Suppose -3*a + a = -z. Calculate the greatest common factor of a and 63.
21
Suppose 7*b - 6*b = 0. Suppose -2*j = b, -4*w = -0*w + 5*j - 240. Calculate the highest common divisor of w and 15.
15
Suppose -2*h - 18*v = -15*v - 1121, 2*v - 1120 = -2*h. What is the highest common divisor of h and 52?
13
Let m = -50 + 87. Let k = -17 + m. What is the greatest common factor of 50 and k?
10
Suppose 0 = -5*q - 3*r + 712, 0 = 22*q - 25*q + 2*r + 431. Calculate the greatest common divisor of q and 495.
11
Let v = -53 - -56. Suppose 3*a - 2*a = 5, 4*a + 403 = v*n. Calculate the highest common factor of 94 and n.
47
Let o(z) = z**2 + 27*z - 263. Let p be o(8). What is the highest common factor of 2873 and p?
17
Let b(r) = r**2 + 3*r - 9. Let p be b(-6). Let m be 2*p/(-2)*-1. Let w be (-296)/(-3) - 1/(-3). Calculate the highest common divisor of m and w.
9
Let b = 323 + -304. Calculate the greatest common divisor of 171 and b.
19
Let j(m) = 8*m - 27. Let x be j(8). Calculate the greatest common factor of 259 and x.
37
Let p = -5 + -7. Let i = p + 39. What is the greatest common divisor of i and 18?
9
Let c be ((-102)/4)/(6/(-8)). Calculate the greatest common factor of 986 and c.
34
Let g be (-372 - (-1 - 3)) + -1. Let t = g - -525. Calculate the greatest common factor of 12 and t.
12
Suppose 0 = -6*l + 2 + 190. Calculate the greatest common factor of 32 and l.
32
Let b = 34 - 40. Let d(h) = h**2 + 8*h + 15. Let c be d(b). Calculate the highest common divisor of 15 and c.
3
Let v = 5 - -2. Let p be ((-63)/15)/((-3)/15). Calculate the highest common divisor of p and v.
7
Suppose 4*l + 83 = 2*s - s, 3*l - 408 = -4*s. Let f(k) = 2*k**2 + 1. Let d be f(2). What is the greatest common factor of d and s?
9
Let n(a) = -a + 72. Let g be n(44). Calculate the greatest common divisor of 4 and g.
4
Let k(d) = -d + 8. Let r(b) = b**2 - 6*b - 3. Let j be r(5). Let f(c) = c + 8. Let g be f(j). Let q be k(g). Calculate the highest common factor of q and 2.
2
Let n(u) = -u**3 + 9*u**2 + 8*u + 12. Let j be n(-6). Calculate the greatest common divisor of j and 18.
18
Suppose 4*h - 143 = -3*o, -27 = -h + 2*o - o. Suppose 0 = -8*p + 11*p - 240. What is the highest common divisor of p and h?
16
Let x = 214 - 16. What is the highest common factor of x and 495?
99
Suppose -2*x = -5*u + 146, -2*x + 1 = -3. What is the highest common factor of 105 and u?
15
Let a = 1861 + -1731. Suppose -5*o - 20 = 0, 0 = -2*j + o + 3*o + 120. What is the greatest common factor of a and j?
26
Let o be 932/28 + (-6)/21. Suppose -5*b + 0*d + 40 = 5*d, b + 3*d - 18 = 0. Suppose -b*u + 14 = 5. What is the greatest common divisor of o and u?
3
Suppose 0 = 2*o + 3 - 1. Let c be 130 - o - (-2 - -1). Let d be (1/2)/((2/48)/1). What is the greatest common factor of d and c?
12
Let f = 131 - 124. Calculate the greatest common divisor of f and 161.
7
Suppose -2*d = 4*v - 164, -3*v + 116 = d - 3*d. Suppose -t = -59 + v. What is the greatest common divisor of 133 and t?
19
Let z be (-4 - (-4 - 3)) + 7. Let s = 16 - z. Calculate the highest common factor of 24 and s.
6
Suppose 12*p - 11*p - 188 = -5*i, -3*i = -p + 156. What is the greatest common divisor of p and 21?
21
Let l = 257 + -240. Calculate the highest common divisor of 289 and l.
17
Let l(h) = -3*h**3 - 6*h**2 - 4*h + 2. Let j be l(-2). Let t be 3/4 - j/(-8). What is the highest common factor of 22 and t?
2
Suppose -5*s + 2*s = 36. Let p be 128/9 - (-3)/108*-8. Let c = s + p. What is the highest common factor of 20 and c?
2
Let x(o) be the second derivative of o**3/6 + 15*o**2/2 - 8*o. Let g be x(-12). Let z be g/(314/(-80) + 4). Calculate the highest common divisor of 20 and z.
20
Suppose 5*b + n = 540, -4*b - 2*n = 139 - 577. Let k = -39 + b. Suppose -k - 37 = -5*h. What is the highest common divisor of h and 14?
7
Suppose -9*j = -5*j - 12. Let o be ((-28)/12)/(j/(-9)). What is the highest common factor of o and 1?
1
Let t(h) = 35*h - 206. Let c be t(6). What is the highest common divisor of c and 832?
4
Let c(l) = 8*l**3 + 2*l**2 + l - 4. Let k be c(2). What is the highest common divisor of 35 and k?
35
Let s(k) = -10*k - 10. Let t be s(-3). Suppose 0 = o + 5*y, -3*o - y - 3*y = 0. Suppose o*f + 4*f = 720. What is the highest common divisor of t and f?
20
Suppose 0 = k - 2*o - 206, 1018 = 5*k + 3*o - o. What is the greatest common divisor of 68 and k?
68
Suppose -3*n - 3*f + 1135 = -8*f, 0 = -2*n - f + 735. What is the highest common factor of 20 and n?
10
Suppose -b + 3*p + 7 = 0, 3*b - p - 4*p - 21 = 0. Suppose -2*n + 5*y = -b*n + 430, -16 = 4*y. Let l = 1 - -9. What is the highest common divisor of l and n?
10
Let x = 71 + -47. Let i be (18*-1)/(3/(-10)). Calculate the highest common factor of x and i.
12
Let d = -191 + 295. Calculate the highest common divisor of d and 32.
8
Suppose 4*d = x - 12, 2*d - 4*x + 6 = -7*x. Let w be -32*(d - -1) + -4. Suppose -4*l - 3 = -63. What is the highest common factor of l and w?
15
Suppose -26*o + 4 = -28*o. Let a be (o + -1)*14/(-6). Suppose -4*v = 2*t - 146, -v = t - 47 - 21. Calculate the greatest common divisor of a and t.
7
Let o(v) = -v**2 + 16*v - 16. Let w be o(15). Let x be w + -1 + (13 - 1). Let g = 114 + -64. What is the highest common factor of x and g?
10
Let k = 7452 + -7402. Suppose -10 = -2*m + m. Calculate the highest common divisor of k and m.
10
Suppose -94 = -7*f + 25. Let u be (7 - 1)*2/(-3). Let x = f + u. What is the highest common factor of 39 and x?
13
Suppose -32 + 29 = 3*j. Let y be (7 - j - 4) + 6/3. What is the greatest common factor of 4 and y?
2
Let p(i) = 20*i**2 - 3*i + 3. Let x be p(2). Calculate the highest common factor of x and 1155.
77
Let z(q) be the third derivative of q**6/120 + 13*q**5/60 - 7*q**4/12 - 14*q**2. Let c be z(-13). Calculate the highest common divisor of c and 14.
14
Suppose -s + 2 = -1. Suppose 0*d + 4*t - 9 = -s*d, -d = t - 3. Suppose 56 = d*j + 5*x, -5*j + x + 83 + 57 = 0. Calculate the greatest common factor of j and 18.
9
Let u = 56 - 56. Suppose -i + 11 - 2 = u. Calculate the greatest common divisor of i and 99.
9
Let b(p) = -p - 2. Let a be b(-2). Suppose -5*h - 2*v + 59 = a, -2*h = 3*h + 5*v - 65. What is the highest common divisor of h and 99?
11
Let v be 40 - (1 + 2) - (1 - 3). What is the highest common factor of v and 416?
13
Suppose -7 = -5*s - 2*x, -4*s - x = -2*s - 2. Suppose -s*y + 0*y = -150. Let u be 1*11 + -2 + 1. What is the highest common divisor of u and y?
10
Let l(h) = -124*h - 13. Let s be l(-2). What is the greatest common factor of 47 and s?
47
Let f(t) = -19*t**3 - t**2 - t - 1. Let z be f(-1). What is the greatest common factor of z and 2?
2
Let h(a) = a**3 - 12*a**2 + 14*a - 27. Let c be h(11). Calculate the highest common divisor of 51 and c.
3
Let t = 11 + 1. Let j = 6 + -4. Suppose -j*w - 12 + 108 = 0. Calculate the greatest common factor of w and t.
12
Suppose 5*u + 7*m - 4*m = 19, -3*m - 16 = -2*u. Suppose u*t - 3 = 2*t. Let s = t + 5. What is the highest common factor of 48 and s?
6
Suppose 3*k + 2*k - p - 80 = 0, 4*k = p + 63. Let f = -17 + k. Suppose n = -4*r + 15, f = -2*n + 6*r - r + 4. What is the greatest common divisor of n and 7?
7
Let n(a) be the third derivative of -a**6/120 + a**5/6 - a**4/4 - 19*a**3/6 + 8*a**2. Let j be n(9). What is the greatest common factor of j and 16?
8
Let b be (-8)/36*3*(-1716)/8. Calculate the greatest common factor of 44 and b.
11
Let t(f) = f**3 - 4*f**2 + 3*f + 3. Let v be t(3). Suppose -12 = 11*d - 78. Calculate the greatest common factor of v and d.
3
Suppose 26*d - 1653 = 23*d. Calculate the greatest common factor of d and 19.
19
Let r be 22*(20/(-8) + 3). Let a = r - 9. Suppose a*y - 19 = -5. What is the greatest common factor of y and 28?
7
Suppose 3*r + 2*t - 57 = 0, 0 = -10*r + 5*r - 3*t + 96. Suppose z - 18 = -12. What is the greatest common factor of z and r?
3
Suppose 12*u - 8*u = 24. What is the greatest common factor of u and 24?
6
Let z(p) = -2*p**3 + 4*p**2 + 2*p + 1. Let w be z(-3). Suppose -33*f + 31*f + 34 = 0. What is the greatest common factor of w and f?
17
Let a(p) = p**3 - 5*p**2 - 23*p + 16.